- 5 = 0. Calculate the highest common factor of 4 and g.
1
Let w(p) = 22*p - 5. Let g be w(5). Calculate the greatest common divisor of 42 and g.
21
Let u = -2 + -1. Let a(i) = -i**3 - 3. Let o be a(u). Calculate the greatest common factor of o and 16.
8
Suppose -12 - 18 = -3*d. Suppose -2*c - 2*c = 356. Let q = -49 - c. What is the greatest common divisor of d and q?
10
Let m = 0 - -8. Let d = 47 - -9. What is the highest common factor of m and d?
8
Let p = 108 - 81. Calculate the highest common divisor of 81 and p.
27
Let p be -2 + (6 - -1)*41. Suppose -5*b + 2*b + p = 0. Calculate the highest common factor of b and 19.
19
Suppose -16 = p - 3*p. Calculate the greatest common factor of 12 and p.
4
Suppose 4*v - 23 = 233. Calculate the greatest common factor of 16 and v.
16
Suppose a - 6 = -2*a. Let h be 3*(105/(-9) + 1). Let b = h + 54. What is the highest common divisor of a and b?
2
Suppose -5*z - 26 = -4*v + 5, -4*v - 5*z = -1. Calculate the greatest common divisor of 2 and v.
2
Suppose -68 = -5*y + 67. Suppose 2*u - r = y, 2*u - 3*r - 7 - 10 = 0. Calculate the greatest common factor of 176 and u.
16
Suppose t - 4 = -3*t. Let g be (-108)/t*2/(-4). What is the highest common divisor of g and 6?
6
Let q = -5 - -9. Suppose q*g - 12 = -0*s - 5*s, 0 = -s. Calculate the highest common factor of g and 15.
3
Let f(a) = 2*a - 4. Let h be f(3). What is the greatest common factor of 2 and h?
2
Let o = -5 - -11. Let r(h) = -15*h + 156. Let q be r(10). Calculate the greatest common factor of q and o.
6
Suppose 5*b = -0*b. Suppose -210 = -b*a - 5*a. Calculate the highest common factor of a and 6.
6
Suppose 2*y = -5*x + 59, 3*x + 5*y = 2 + 22. Suppose -3*z = -x - 59. Calculate the greatest common factor of 8 and z.
8
Suppose 2*o - 23 = 17. Let t(q) = 54*q**2 + 4. Let c be t(2). Calculate the highest common divisor of o and c.
20
Suppose 13 = -2*a + 39. Suppose -65 = -0*r - 5*r. What is the highest common divisor of r and a?
13
Let z(i) = -4*i - 7. Let h be z(-3). Let s be 1/(-3) + 469/21. Suppose 4*n + 3*v - 28 = 0, -3*n = 3*v - v - s. What is the highest common divisor of n and h?
5
Let x(n) = -n**3 + 7*n**2 - 5*n + 7. Let u be x(6). Calculate the greatest common divisor of 13 and u.
13
Suppose -n - 87 = -5*k, 5*n + 2*k + 515 = 7*k. Let z be 5/30 + n/(-6). What is the highest common factor of 6 and z?
6
Let i be (-5)/(-20) - 35/(-4). Let g = i + -8. Let f(b) = b**2 - b + 9. Let o be f(0). What is the highest common factor of g and o?
1
Let i = 87 - 83. Calculate the highest common factor of i and 36.
4
Suppose -5*z - 4 = -19. Calculate the greatest common factor of z and 3.
3
Let w = 321 + -221. Calculate the greatest common factor of 20 and w.
20
Let w(i) = -i**3 + 4*i**2 + 27*i + 2. Let z be w(7). Calculate the highest common factor of 66 and z.
22
Suppose -314 = 3*f - 38. Let b be (2 + 143 + -3)*1. Let o = b + f. What is the greatest common factor of o and 10?
10
Suppose -2*s + s = -2. Suppose -s*r + 0*r + 10 = 0. Let v be (3 - 4) + 1 + 1. Calculate the highest common divisor of r and v.
1
Let d(w) = -2*w**3 - 22*w**2 + 12*w - 12. Let l be d(-12). What is the greatest common divisor of 12 and l?
12
Let g = -12 + 66. What is the greatest common factor of g and 6?
6
Suppose -5*f = -4 - 16. Suppose h = -0*h + f. Suppose -2*z + 2*p = z - 220, -2*z = -h*p - 160. Calculate the highest common divisor of z and 10.
10
Suppose -2*u - 21 = -4*k - u, -2*u = k - 12. Let z be -1 + -2 + 1 + k. Suppose -o + 10 = -a + 30, 88 = z*a - 2*o. What is the greatest common factor of 8 and a?
8
Let b(k) = -6*k - 52. Let o be b(-15). What is the highest common factor of o and 95?
19
Let m = -53 + 80. What is the highest common divisor of 18 and m?
9
Suppose 0 = -4*y + 207 - 71. Calculate the highest common divisor of 17 and y.
17
Suppose -p + 4 = -26. Calculate the highest common divisor of p and 18.
6
Suppose -5*r - 2 = -7. Calculate the highest common divisor of r and 1.
1
Let v = -3 + 3. Suppose -5*a = b - 74, v = -b - 2*a + 74 - 6. Suppose -5*l - 3*t = -0*t - 79, -4*l - 2*t = -b. What is the greatest common divisor of l and 119?
17
Suppose -12*u = -9*u - 15. Calculate the highest common divisor of 20 and u.
5
Let y = -21 - -24. Calculate the highest common divisor of y and 21.
3
Let n = 9 - -8. Suppose 4*p - 186 = p. Let w = p - n. Calculate the highest common factor of w and 5.
5
Suppose -v - 4*v + 1035 = 0. Calculate the highest common factor of v and 23.
23
Let x be (-12)/42 + 821/7. Calculate the highest common divisor of x and 9.
9
Let g be 1/((-6)/(-200))*3. Suppose -m - m = -g. What is the highest common factor of m and 20?
10
Let r(b) = b**3 - 9*b**2 + 10*b - 1. Let z = -14 + 22. Let s be r(z). What is the highest common factor of s and 30?
15
Suppose 0 = -5*k + 2*u - 75, 3*k - 5*u = -28 - 36. Let t(j) = j**2 + 12*j + 3. Let c be t(k). What is the highest common factor of c and 40?
8
Suppose 6 = u + 3. Suppose -u*i + 10 = -8. What is the highest common divisor of 24 and i?
6
Let y(a) = -a**2 + 5*a + 6. Let l be y(5). Calculate the greatest common factor of l and 48.
6
Let h = -3 - -3. Let m be (-6)/3 + 9 + h. Let b = 112 - 49. What is the highest common divisor of b and m?
7
Suppose 5*m + 4*i = 30, m + i - 9 = -m. Calculate the highest common factor of 18 and m.
2
Let y = -2 + 4. Let p(n) = -189*n**3 - n + 3*n**y - 1 - 3*n**2. Let v be p(-1). Calculate the highest common factor of v and 21.
21
Let u be (-1 + 1)/(1 + -3). Suppose 4*c - 5 - 11 = u. Suppose 0 = 4*q + 2*p - 74, -3*p - 21 = -2*q + 28. What is the greatest common factor of c and q?
4
Suppose -10 = -5*v + 40. Calculate the highest common divisor of v and 10.
10
Let f(i) = i**3 + 8*i**2 - 8*i - 10. Let c be f(-8). Suppose -b + 5*o = -21, 2*b - 35 = 5*o - 8. What is the highest common factor of c and b?
6
Suppose r = -d - 23, r = 5*r - 12. Let p = 35 + d. Calculate the highest common factor of p and 27.
9
Suppose 0 = 5*s - 42 - 33. Suppose -14*m + 12*m = -10. What is the highest common factor of m and s?
5
Let j be 15/(-10)*4/6. Let m be (0 - j)/(5/200). Suppose -20 = -2*v - r + m, 5*v - 3*r = 172. Calculate the highest common divisor of v and 8.
8
Let k be 1 + -1 + 1 - -8. Let v be (-4 + 9)*6/5. Suppose -i + v = i. Calculate the greatest common divisor of k and i.
3
Let h = -18 + 63. Let u be (-3)/(-4)*(28 + -4). Let l = u - 9. Calculate the highest common divisor of l and h.
9
Suppose r + 4*x + 4 = 0, 3*r - 2*x = x + 33. Suppose -4*f + 8 - 4 = 0. Calculate the highest common factor of f and r.
1
Suppose 2*u - 46 = -4*f - 8, -f = -u - 17. Calculate the greatest common factor of f and 24.
12
Suppose -9*g + 594 = -0*g. Calculate the highest common factor of 165 and g.
33
Let k(o) = 13*o**3 - 2*o**2 + 1. Let v be k(1). Suppose -h + 12 = h. Calculate the highest common factor of v and h.
6
Let b(w) = w**3 + 14*w**2 + 13*w + 18. Let j be b(-13). What is the greatest common factor of 18 and j?
18
Let q(c) = 29*c**2 + c. Let n be q(1). Let l(u) = 2*u**3 - u**2 + 2*u. Let a be l(4). What is the highest common factor of n and a?
30
Let y be (-4)/(-40)*238 - (-3)/15. Calculate the greatest common factor of y and 6.
6
Let n(a) = -a. Suppose 0 = 8*b - 9*b - 3. Let h be n(b). Calculate the highest common factor of h and 1.
1
Suppose -2*m + 4 = -10. Suppose 3*g - m = -1. Suppose 75 = -g*t + 3*t. What is the highest common divisor of t and 15?
15
Let g(m) = -m**2 - 13*m - 30. Let j be g(-7). Calculate the greatest common divisor of j and 3.
3
Suppose -3*w + 18 = -0*w. Suppose 4*y - w = 2. Let g = -13 + 31. What is the greatest common factor of y and g?
2
Let q be (-3 - -4)*(-1 - -4). Suppose q*o - 5*l = o + 81, 0 = 4*l + 20. What is the greatest common divisor of o and 28?
28
Let u(b) = b**2 - 9*b - 7. Suppose 0*l = -2*l + 12. Let o be u(l). Let i = o + 47. Calculate the greatest common divisor of 2 and i.
2
Let q be ((-56)/(-10))/(2/55). Suppose -5*a = 3*g - 736, -a = 3*g - q - 574. Let l be 4/18 - 196/(-9). What is the highest common divisor of g and l?
22
Suppose 2*r = 4*r - 10. Suppose r*d - 33 = -3*g + 36, -4*g + d = -69. What is the highest common divisor of g and 12?
6
Let l = 137 - 49. What is the greatest common divisor of 11 and l?
11
Suppose 0 = -3*f - 12 + 30. What is the greatest common divisor of 30 an